. Let q be 6 + -1 - 1 - (-6794)/43. Suppose 12*p - k*p = q. What are the prime factors of p?
2, 3
Suppose 9*b + 9*b - 611525 = -43*b. List the prime factors of b.
5, 401
Suppose 23814 = -54*t + 102392 + 60904. List the prime factors of t.
3, 7, 41
Let k be -23*2/((-68)/(-70) - 1). Suppose -110 + k = 10*h. What are the prime factors of h?
2, 3, 5
Let a be 62/(-8) - (-303)/404. List the prime factors of 6/a*(8 - (-11506)/(-33)).
2, 73
Let o(u) = 994*u**3 - 3*u**2 - 8*u + 1. What are the prime factors of o(2)?
5, 317
Let a = 268 - -500. Let s be a/15 + 1/(-5). Let d = s - 8. What are the prime factors of d?
43
Let m = -118 - -33. What are the prime factors of m*(-6)/45*69?
2, 17, 23
Suppose 0 = -1322*c + 1307*c + 951465. List the prime factors of c.
137, 463
Let o be (2 + (-228)/(-21))*(-27 + 6). Let f = o + 513. List the prime factors of f.
3
Suppose 689689 = -36*t + 116*t - 210951. What are the prime factors of t?
2, 13, 433
What are the prime factors of -14 + 5628 + 15/(-5) + 8 + -4?
5, 1123
Suppose -66 = -2*c - c + 5*g, 0 = c + 5*g - 42. What are the prime factors of 71*(c - 28)/((-2)/6)?
3, 71
Let p(l) = -l**2 - 17*l + 26. Let k = -73 + 41. Let n = 21 + k. List the prime factors of p(n).
2, 23
Let t be ((-18)/(-12))/(6/6704). Let j = -723 + t. Suppose 352 = 9*k - j. List the prime factors of k.
5, 29
Let s be (1/(-1))/(-1 - (-6)/9). Suppose -k + 4467 = -s*x + 2*k, -5*k = -4*x - 5954. List the prime factors of (-6)/15 + (2 - x/15).
101
Let s be 40/(-22) - (-32)/(-176). Let m be 0/(-3)*s/4. Suppose f + 4*f = 5*z + 195, -4*f - z + 171 = m. List the prime factors of f.
2, 3, 7
Suppose 3*x = 2*b + 21, -b - 11 = -4*x - 4*b. Let v be (-32)/80 + (-378)/x. Let w = v - -139. List the prime factors of w.
3, 7
List the prime factors of (5 - 80/15)/((-1)/24867).
3, 307
Let g = -70554 + 124930. List the prime factors of g.
2, 7, 971
Let u(j) be the first derivative of j**3/3 + 6*j**2 - 9*j - 28. Let h be u(-20). Suppose -l - 99 = -4*l - 4*d, 2*d = -5*l + h. List the prime factors of l.
29
Let l(t) = 906*t**3 + 17*t**2 - 28*t - 9. What are the prime factors of l(2)?
3, 2417
Suppose 4*b - 8 = 2*w, -4*w + 0*b = -4*b. Suppose 2*p = 4*x - 50, 5*p = w*p + 1. Suppose 0 = 12*c - x*c + 58. What are the prime factors of c?
2, 29
Let p(r) = -14*r**3 - r**2 + 167*r + 81. List the prime factors of p(-12).
3, 5, 59
Suppose 0 = 22*x + x - 70403. Suppose 5*o - 333 - x = -g, 5*g + 2721 = 4*o. What are the prime factors of o?
7, 97
Let v = 2277 + -1539. Let f(p) = 58*p + 1162. Let c be f(-20). Suppose 2*m = 4*s - c*s - 296, -3*m = -5*s + v. What are the prime factors of s?
3, 7
Suppose -775*d = -773*d - 2948. Let i = d + 218. What are the prime factors of i?
2, 3, 47
List the prime factors of (3 - 56/24)/(5/356640).
2, 743
Suppose 16*i - 4168 + 520 = 0. Suppose -i = -66*m + 63*m. List the prime factors of m.
2, 19
Let v be ((-1063)/(-2))/((-3 - -2)/(-2)). Suppose 8*l + v + 409 = 0. Let u = l - -407. List the prime factors of u.
223
Let g(u) be the second derivative of 5*u**3/2 + 38*u**2 + 84*u. What are the prime factors of g(20)?
2, 47
Suppose 3*a = -4*f - 3888, 3*a = 31*f - 32*f - 3888. Let w = a + 2936. What are the prime factors of w?
2, 5, 41
Let v = 3 + 121. Suppose 2*o + 96 = v. What are the prime factors of ((-180)/o)/(10/(840/(-18)))?
2, 3, 5
Let x be (3/(-4))/(1/(-4)). Suppose x*d = -5*d - 104. Let h = d - -44. List the prime factors of h.
31
Let h(s) = -88*s + 9. Let u be h(-4). Let f = u + -205. List the prime factors of f.
2, 3, 13
Let t = -49 - -48. Let q be (-1 + -2 + t)*(-45)/(-6). Let d = q + 34. What are the prime factors of d?
2
Suppose 0*p + 3*o = p - 77, 2*o = 4. Let i = p - 79. List the prime factors of -1 - (-31*3 + i).
2, 11
Let i be ((-1)/2)/(57/1482). What are the prime factors of -19*(42/6 + i)?
2, 3, 19
Suppose 29*t + 10*t = 6279. What are the prime factors of 0 + 2/(-7) + 248630/t?
2, 193
Let d(z) = -5*z**3 - 3*z**2 + 3*z + 3. Let v be d(2). Let c = v + 46. What are the prime factors of ((-4)/6)/(c + (-47)/15)?
5
Let v = 6992 + -4488. Suppose 0 = 2*g - 6*g + v. Suppose 0 = -3*q - 3*n + 471, -12*q = -8*q + 5*n - g. What are the prime factors of q?
3, 53
Let k = -89402 + 138350. What are the prime factors of k?
2, 3, 4079
Suppose 0 = -4*w - 2*j - 12, -30*w - j - 7 = -27*w. List the prime factors of w/3*1404/(40/(-10)).
3, 13
Let l(w) = -w**3 - 5*w**2 - w - 9. Let f be l(-5). List the prime factors of 1*555/(-20)*f.
3, 37
Suppose -1 = -30*g - 1. Suppose 0 = m - 5, u + 4*m - 2*m - 174 = g. List the prime factors of u.
2, 41
Let d be (-20)/(-125)*5 - (-306)/30. Suppose 3040 = -d*j + 21*j. List the prime factors of j.
2, 19
Let y be (1/3)/((-547967)/91329 - -6). Suppose -n + 2 = -3, 0 = 3*c - 5*n - y. List the prime factors of c.
2, 3
Suppose 4*d - 4*k - 11 = 13, -4*d - 5*k + 51 = 0. Suppose 0 = s - 4*x - 242, d*x = 4*s + 4*x - 913. List the prime factors of s.
2, 3, 37
Suppose 2*v + 54573 + 27535 = 2*s, 205278 = 5*s + 3*v. List the prime factors of s.
3, 5, 7, 17, 23
Suppose 3*y - 12019 = l, 12017 = 3*y + 9*l - 8*l. List the prime factors of y.
2, 2003
Suppose 9*n - 10511 = 11413. List the prime factors of n.
2, 3, 7, 29
Let p(n) = 4*n**2 - 5*n + 1. Let b be p(2). Suppose 8 = -b*q + 29. Suppose -3*i - 2*s = -214, -q*i - 5*s + 144 = -58. What are the prime factors of i?
2, 37
Suppose 20826 = -84*p + 97*p. List the prime factors of p.
2, 3, 89
Let w be ((-1)/(-2))/(8/128). Let m = 49 + w. Suppose 56*k + 60 = m*k. What are the prime factors of k?
2, 3, 5
Suppose 64*u - 161271 = -35*u. What are the prime factors of u?
3, 181
Let s(a) = -1352*a + 2933. List the prime factors of s(-19).
28621
Let n(x) = -x**2 + 58*x + 57. Let j be n(52). Let r = -190 + j. What are the prime factors of r?
179
Suppose 10*h - 463853 = -18*h - 3*h. List the prime factors of h.
13, 1151
What are the prime factors of 4/(-6) - 152672/(-39)?
2, 19, 103
Let g(q) = 22*q + 60. Let k(c) = c**3 + 9*c**2 + 19*c. Let n be k(-5). What are the prime factors of g(n)?
2, 5, 17
Suppose 16 = 4*s, -25463 = -5*a - 5*s + 3317. What are the prime factors of a?
2, 719
Let n be 1 + -266 - (4 - -6)/2. Let b = n + 380. List the prime factors of b.
2, 5, 11
Let m(q) = -12*q - 123. Let w be ((-40)/(-50))/(1 + 201/(-195)). What are the prime factors of m(w)?
3, 7
Let g = 137 - 135. Suppose l - y = 3*l - 73, -134 = -4*l + g*y. List the prime factors of l.
5, 7
Suppose 45*s - 4*s - 2701820 + 820453 = 0. What are the prime factors of s?
45887
Suppose -11*s = -7*s - 3*y - 54212, 5*s - 3*y = 67762. List the prime factors of s.
2, 5, 271
Let g(x) = x**3 - 16*x**2 - 4*x + 16. Let n be g(16). Let r = n - -51. Suppose -6*i = r - 39. What are the prime factors of i?
2, 3
Suppose -27*b + 13*b + 140 = 0. Suppose b = -2*q, 0*v = 3*v - 3*q - 1431. What are the prime factors of v?
2, 59
Let k(h) = 9*h + 51. Let f be k(-12). Let p = f - -82. List the prime factors of p.
5
Let s = -41 - -45. Suppose 0 = m + 2*v - 193, -245 - 181 = -2*m + s*v. Let k = m + -118. What are the prime factors of k?
5, 17
List the prime factors of (791385/45 - -15)*3.
2, 43, 307
Suppose 2*g + 608 = -w + 88, -529 = w - g. Let x be 3 + 1/(1/4740*6). Let v = x + w. List the prime factors of v.
3, 89
Suppose 3*p = 4*a - 13, 7 = -2*p + 9. Suppose -2*n + 0*n - z = -627, a*n + 5*z = 1245. What are the prime factors of n?
3, 5, 7
List the prime factors of 0 + 39974/8 - ((-187)/(-68) - 2).
2, 1249
Let k(c) = -c**3 + 27*c**2 + 14*c + 203. What are the prime factors of k(27)?
7, 83
Let f = -1804 - -992. What are the prime factors of -1 - (-72)/12 - (f - -1)?
2, 3, 17
Let p(a) = -3*a**2 + 367*a + 18263. What are the prime factors of p(0)?
7, 2609
Let c(a) = -4*a - 70 + 4*a**2 + 136*a**3 + 70 - 6*a**2. Let k(u) = 135*u**3 - 2*u**2 - 5*u. Let q(s) = -4*c(s) + 3*k(s). What are the prime factors of q(-1)?
2, 5, 7
Let c = 225 - 220. Suppose -c*h = -2*l - 457, 2*l + 67 = 2*h - 117. List the prime factors of h.
7, 13
Let m(c) be the first derivative of 25*c**2/2 - 74*c + 51. List the prime factors of m(7).
101
List the prime factors of -417 + 422 - (1480 - -1)*-1.
2, 743
Suppose -48*z + 295940 = 87044. What are the prime factors of z?
2, 17
Let u = 5111 - -10927. What are the prime factors of u?
2, 3, 11
Let r = -6393 - -13558. List the prime factors of r.
